(-2))?
11
Let v = 8 - -5. Calculate the remainder when v is divided by 3 + (-2 - (-5 + -1)).
6
Let g be (-1 + -2 - -6)*(1 + 0). Calculate the remainder when (-68)/17 - g*-14 is divided by 10.
8
Let q(x) = 4*x**2 - 6. Let n be q(-3). Let v = -12 + n. What is the remainder when 51 is divided by v?
15
What is the remainder when (18/15)/(10/9725) is divided by 65?
62
Suppose -6*l = -24*l + 414. Suppose -57 - l = -4*r. What is the remainder when 56 is divided by r?
16
Let a(c) = -4*c**3 - 18*c**2 - 11*c - 3. Calculate the remainder when 198 is divided by a(-5).
96
Let n(s) be the third derivative of -5*s**4/12 - 22*s**3/3 - 43*s**2. Calculate the remainder when 77 is divided by n(-6).
13
Suppose 0 = z - h - 91, 0 - 9 = 3*h. Suppose 23*m - 2*m - 315 = 0. What is the remainder when z is divided by m?
13
Suppose 40*x + 900 = 52*x. Suppose -115 = -0*s - 5*s + 5*h, 0 = 5*s - 4*h - 111. What is the remainder when x is divided by s?
18
Suppose 5 - 3 = n. Suppose 4*f - 49 = 5*q, -3*f + n*f + 4*q + 15 = 0. Calculate the remainder when 19 is divided by f.
8
Suppose -5*r + 347 + 93 = 0. Suppose -229*m - 180 = -241*m. What is the remainder when r is divided by m?
13
Let l = 193 - 165. What is the remainder when l is divided by 15?
13
Let n = 86 - 59. Calculate the remainder when n is divided by 62/6 + 13/(-39).
7
Let i(y) = 117 - 3*y - 122 + 93. What is the remainder when 29 is divided by i(26)?
9
Let s = -213 + 376. Calculate the remainder when s is divided by 11/(-2)*(-40)/4.
53
Suppose -3*n = p + n - 14, 3*p + n - 53 = 0. Suppose -j - r + p = 0, -4*j + 2*j = -3*r - 11. Calculate the remainder when j is divided by 4.
1
Let l(c) = -c**2 + 8*c - 11. Let h be l(4). Suppose -h*f = 4*n - 0*n - 40, 0 = 3*f + n - 24. Let s = 25 - f. Calculate the remainder when 47 is divided by s.
13
Suppose 80 = -22*h + 2962. What is the remainder when h is divided by 43?
2
Let l(o) = 5*o**3 - o**2 - 11*o + 3. Let m be 420/112 + 3/(-4). Suppose 0 = 5*j - 64 - 61. Calculate the remainder when l(m) is divided by j.
21
Let f(s) = 2*s**2 - 1. Let a(y) = y**2 + y - 10. Let q be a(-5). Suppose 3*z - q = z. What is the remainder when f(3) is divided by z?
2
Suppose 2*c = h + 3, -19 + 7 = -h - 3*c. Suppose 0*n + h*n = 12. Suppose -5*u + 2*b = -b - 28, n = -2*u + 5*b. Calculate the remainder when u is divided by 4.
0
Suppose -45 - 7 = 2*u. Let a = 28 + u. Suppose -d + q = -16, 70 = 4*d + q - a*q. What is the remainder when 48 is divided by d?
12
Let x = 170 + -143. What is the remainder when 102 is divided by x?
21
Suppose 82 = -9*c + 721. Calculate the remainder when 269 is divided by c.
56
Let n(g) = -7*g. What is the remainder when n(-4) is divided by (-4*4/40)/(2/(-40))?
4
What is the remainder when 5 - 900/(-1 + -2) is divided by 28?
25
Let f(t) = t**3 - 2*t**2 - 20*t + 37. Let w = -254 - -168. Let h = 122 + w. What is the remainder when f(7) is divided by h?
34
Let f = 605 - 566. Calculate the remainder when 426 is divided by f.
36
Suppose 2*g - 24 = -4*g. Let c(v) be the third derivative of -v**6/120 + v**5/10 - v**4/6 - v**3/2 + 2*v**2. Calculate the remainder when 36 is divided by c(g).
10
Suppose -2*p = a - 94 - 1, p - 5*a = 64. What is the remainder when 70 is divided by p?
21
Let f(w) = -2*w + 28. Let y be f(7). Let n = 22 - y. Calculate the remainder when n is divided by 6.
2
Suppose 0 = 28*z + 6*z + 39*z - 292. Let g be 5*(9/5)/3. Suppose g*d + 5*q - 9 = 0, d - 2*d = -2*q - 3. Calculate the remainder when z is divided by d.
1
Let a = -27 + 73. Let z = a - 17. Calculate the remainder when 2/3 + 68057/807 is divided by z.
27
Let o(h) = 5*h**2 + 29*h - 2. Let k(p) = -9*p**2 - 57*p + 3. Let m(f) = -4*k(f) - 7*o(f). Calculate the remainder when m(-27) is divided by 19.
18
Suppose 2*m - 350 = y, 2*y - 251 - 267 = -3*m. What is the remainder when m is divided by 48?
30
Suppose -3*x + 358 = -305. Suppose -3*u - 3*i + 333 = 0, u - 3*i + x = 3*u. What is the remainder when u is divided by 38?
36
Let i(l) = 37*l + 1. Let d(o) = 29*o + 10. Calculate the remainder when i(1) is divided by d(0).
8
Let z(c) = -2*c - 4. Let q be z(-3). Suppose -q = -2*f - 6. Let t = 21 + f. Calculate the remainder when 55 is divided by t.
17
Suppose -4*l + 833 = -5*p, 0 = -3*l - 2*p + 119 + 500. Calculate the remainder when l is divided by 35.
32
Suppose v - 4*m = 105, 2*m = 3*v - m - 288. Let i be (3 - 0)/(18/192). What is the remainder when v is divided by (i/(-12))/((-1)/9)?
21
Let s = 10 + -24. Let a = 29 + s. Calculate the remainder when 29 is divided by a.
14
Suppose -79*z - 120 = -83*z. What is the remainder when (-2138)/(-18) - (-4)/18 is divided by z?
29
Let o = 25 + -9. Suppose -2*t = 5*l - o, -3*t - t - 8 = 0. Suppose -3 = -z - 0. What is the remainder when l is divided by z?
1
Suppose 77 = o + 3*n, -25*o + 27*o = -4*n + 148. Calculate the remainder when 203 is divided by o.
67
Suppose -3*u + 5*c + 290 = 0, -3*c - 102 = -3*u + 2*u. Calculate the remainder when 137 is divided by u.
47
Let q(h) = 3*h - 15. Let r be q(6). Let c = -1 + r. Suppose d + 29 - 101 = -c*g, -4*d + 253 = g. Calculate the remainder when d is divided by 16.
14
Calculate the remainder when ((-335)/35 - (2 + -3))*-7 is divided by 46.
14
Let m(g) = -26*g + 26*g + 12*g**3. Let q(c) = -c - 5. Let x be q(-6). What is the remainder when 34 is divided by m(x)?
10
Suppose 122 = 16*z - 198. Suppose 4*t - 273 = -5*g + 109, 2*t = -4. What is the remainder when g is divided by z?
18
Suppose 23*f - 516 = 17*f. What is the remainder when f is divided by 13?
8
Let z = 100 - 97. Suppose -5*g - 4*w + 55 = 0, 5*w - z*w = 5*g - 85. What is the remainder when 17 is divided by g?
2
Suppose -525 = -20*r + 15*r. Let j = r - 51. Suppose -3*n + 3*m + j = 0, 2*n + 3*m = -3*n + 98. What is the remainder when 55 is divided by n?
17
Let n(c) = -c**2 - 2*c - 4. Let t be n(0). What is the remainder when 39 is divided by ((-12)/(-10))/(1/((-50)/t))?
9
Suppose 0 = 3*n + 2*y + 272 - 1216, -2*n + 3*y = -638. Calculate the remainder when n is divided by 32.
28
Suppose 61*l = -4*l + 910. Calculate the remainder when 190 is divided by l.
8
Suppose -9*v - 598 = -2344. What is the remainder when v is divided by 69?
56
Suppose -7*y + 95 + 52 = 0. Calculate the remainder when 55 is divided by y.
13
Suppose 4*g - 118 = -2*j, -5*g + 5*j = -73 - 52. What is the remainder when g is divided by 5?
3
Let f(b) = -b + 9. Let s be f(7). Suppose s*z - u - 35 = 0, u + u - 101 = -5*z. Calculate the remainder when (-4)/8*(-144 - 2) is divided by z.
16
What is the remainder when 57/95 - (-2114)/10 is divided by 27?
23
Let u be (11/(-22))/(1/(-10)). Suppose 0 = 5*d - y - 218, -u*d + 0*y = -5*y - 210. What is the remainder when d is divided by 15?
14
Suppose 15*x - 360 = 5*x. Calculate the remainder when 179 is divided by x.
35
Suppose 0 = -5*r + 4*f + 540, 3*r - 321 = f + 2*f. Let t = r + -22. What is the remainder when t is divided by 46?
44
Let p = 20 + -16. Suppose 0 = -6*l + p*l - 12. Let c = l + 21. Calculate the remainder when 29 is divided by c.
14
Suppose 53*b + 77 = 4052. What is the remainder when 293 is divided by b?
68
Let s = -212 - -473. Calculate the remainder when (-2)/10 - s/(-5) is divided by (4 + 36/(-8)*1)*-28.
10
Let k(t) = -t**2 + t + 14. Calculate the remainder when 15*((-160)/(-24) - 5) is divided by k(0).
11
Let t = -71 - -76. What is the remainder when t is divided by 5?
0
Let o be 0 - ((-312)/169 + 2/(-13)). Suppose -65 = -j - w, -3*j + 284 = j - o*w. What is the remainder when j is divided by 36?
33
Suppose -z + 8 = z. Suppose -544 = -7*v - 54. What is the remainder when v/(z*1/4) is divided by 18?
16
Let u(o) = o**3 + 5*o**2 - 5*o + 2. Let y be u(-6). Let r(b) = -5*b**2 - 5. Let l be r(y). What is the remainder when l/(-4) + (-2)/8 is divided by 12?
9
Suppose -85 = 2*l - 7*l. Let g(o) = -o**2 + 37*o - 16. Calculate the remainder when g(33) is divided by l.
14
Suppose 9*u - 2*u = 126. Suppose -5*l - 4*s = -8*s - u, 0 = 3*l + 3*s. Calculate the remainder when 7 is divided by l.
1
Suppose -5*p + 959 + 326 = 0. Let o = p + -162. What is the remainder when o is divided by 16?
15
Let x(m) = 7*m + 175. Calculate the remainder when x(30) is divided by 43.
41
Let h be -3 + -2 + 8 + 0. Suppose 4*d - 5*z + z + 144 = 0, -h*d = 3*z + 96. Let n = -9 - d. What is the 